4. Suppose g = -2*f + 7*f - 155. Let v = f - -22. Is v a prime number?
True
Suppose -585 = -5*a + 480. Is a a prime number?
False
Let u = -18 - -18. Suppose u*g + 4*g = 40. Suppose 3*i - 8 = g. Is i a prime number?
False
Suppose -12*j = -19*j. Suppose 3268 + 552 = 4*c. Suppose -u - 4*u + c = j. Is u prime?
True
Suppose -23*j = -152381 - 157590. Is j composite?
False
Let h(i) = 249*i**2 - 8*i + 11. Is h(2) a prime number?
True
Let g = -40 + 62. Suppose g = u + 5*s, 2*u - 4 - 61 = -3*s. Is u a composite number?
False
Is (-7412)/(-4) + 1/(-2)*4 prime?
False
Let t = -2290 + 738. Let z = -129 - t. Is z prime?
True
Let b = 13303 - 5402. Is b composite?
False
Suppose 2*j = -3*s - 454, 5*s - j = -6*j - 750. Suppose -4*i = -i - 723. Let z = s + i. Is z prime?
False
Suppose 2*y + b = -3*b, 0 = -5*y - 5*b. Suppose 3*h - 5*c - 197 = y, -2*h - 2*c + c + 127 = 0. Let f = 29 + h. Is f a composite number?
True
Suppose c = -y + 5*c - 7, 2*c - 6 = 0. Suppose 778 + 782 = -y*r. Let h = -127 - r. Is h a prime number?
False
Let f = 272 + 1637. Is f a composite number?
True
Suppose 0*x = 4*g + 2*x + 18, 5*g - 2*x = 0. Let o be (-1 - -3)*563/g. Let y = -270 - o. Is y a composite number?
False
Let w be (460/(-8) + 4)*2. Let r be 1*(10 - -3)*w. Is (-8)/(-28) + r/(-7) composite?
False
Suppose -19*j = -17*j + 8, 0 = 5*b + 5*j - 92425. Is b a prime number?
False
Let m(l) = -2*l**2 - 9*l**2 + 2*l**2 - 2*l**3 + 2 + 8*l. Let x be m(-10). Suppose -9*s + 2*s = -x. Is s composite?
True
Let n be (20/(-28))/((-1)/7). Let q = 72 - n. Is q a composite number?
False
Suppose 195370 = 2*t - x, -t + 95626 + 2037 = 5*x. Is t a prime number?
False
Let v(r) = -r**3 + 2*r**2 + 3*r + 3. Let y be v(3). Let q(d) = 4 - 4*d - d - 3 + 3*d**2. Is q(y) composite?
False
Suppose -5*c = -293 + 1038. Let i = c - -268. Is i a composite number?
True
Suppose -3*o = -31 - 14. Suppose o = 5*v - 2*v. Suppose v*d = 65 - 0. Is d composite?
False
Let o(g) = g**2 - 7*g - 13. Let b(p) = -p**2 - 2*p + 9. Let y be b(-5). Is o(y) prime?
False
Suppose 3*n - 182 - 14 = -5*h, 3*n + 108 = 3*h. Let w be (-9 - h)*(-1 - 0). Suppose -4*c + 3*m = -386 - w, -c + 115 = -3*m. Is c a prime number?
False
Suppose 0*s + 3*s = 9. Suppose -s*h + 7*h = 52. Is h composite?
False
Is ((-28684)/12)/((-7 + 11)/(-12)) prime?
False
Suppose -3*n = 2*k - 17273, -23*k - 5735 = -n - 18*k. Is n composite?
True
Let u(v) = -4*v**3 + 27*v**2 - 27*v + 27. Is u(-16) prime?
False
Is ((-1)/(-2))/((-2275)/(-758) + -3) composite?
False
Let a = 4850 - 147. Is a composite?
False
Let c be -105 - (-2)/((-6)/(-9)). Let a = -23 - c. Is (a/(-4))/((-2)/8) composite?
False
Let i(n) = -24*n - 7. Let a be -2*((-28)/(-8) - 2). Let y be -6 - (1 + a) - 3. Is i(y) a composite number?
True
Let n(t) = t**2 + 4*t - 5. Let h be n(-5). Suppose h = -5*y - 10 + 105. Suppose -16*p = -y*p + 489. Is p a composite number?
False
Suppose 4*w - 5*w = 2*b - 470, 2*b = w + 478. Is b a composite number?
True
Let x = 51 + -51. Suppose 4*v - 9*v + 435 = x. Is v a prime number?
False
Let w(q) = 94*q**2 - 9*q + 28. Is w(5) composite?
False
Let p be -5*(0/(-3) + 1). Let n be (-3815)/(-2) + p/(-10). Suppose 9*a - 3*m - n = 4*a, -1144 = -3*a + m. Is a prime?
False
Suppose -13232 + 71909 = 3*x. Suppose 9*y = x + 52. Is y composite?
False
Is 190972/(-20)*-5 - 12 a prime number?
False
Let t(d) = -16*d**3 + 3*d**2 + 4*d - 8. Let r be t(-7). Suppose 0 = 3*y - u - r - 534, 4*u - 8 = 0. Is y a prime number?
False
Let g(o) = 76*o**2 + 4*o + 19. Is g(-4) a composite number?
True
Suppose 17*v + 65 = 6066. Is v composite?
False
Let s = -8 - -6. Is (-789)/(-1)*s/(-6) a composite number?
False
Suppose -15 = -5*b, 243 + 381 = 2*q - 2*b. Let u = 3000 - q. Suppose u = n + 4*n. Is n prime?
False
Let i(y) = -11*y**2 + 65. Let b(t) = -7*t**2 + 43. Let a(u) = 8*b(u) - 5*i(u). Suppose f + 5 = -c, 0*c + 20 = -c - 4*f. Is a(c) a composite number?
False
Let s = -2183 + -470. Let n = s - -4856. Is n a prime number?
True
Is 360/6*144 + -6 - -7 prime?
True
Suppose -9*r = -11*r. Let l be 4/(-1 + r + -1). Let a(f) = -102*f - 3. Is a(l) prime?
False
Let k(x) = 12601*x**2 - 3*x + 3. Is k(1) a prime number?
True
Let f = -2245 + 5559. Is f prime?
False
Let o = -20 + 25. Suppose -7 = -3*n + o. Suppose 5*c + n*d = 1230 + 3355, 0 = d. Is c composite?
True
Let z(t) = 2*t**2 - 19*t. Let w be z(11). Suppose -2*v + w = -445. Is v a prime number?
True
Suppose 4*w + 5*v - 1420 = -326, -3*v + 822 = 3*w. Suppose -2*z = y - 94 - 87, -3*y + w = 3*z. Is z prime?
True
Suppose -6*x + 6891 = -3507. Suppose 4*l - x = 3*l. Is l a composite number?
False
Let o = -59197 + 90990. Is o a composite number?
False
Let q(u) = -7*u + u**2 - 2*u**2 + 0*u**2. Let n be q(-8). Is (-236)/n - 3/(-2) composite?
False
Suppose -2*d = 3*d - 10. Suppose 8 + 10 = d*b. Suppose -2*n + b = -149. Is n a prime number?
True
Let r be 6/14 - (-205014)/21. Suppose 0 = 8*f + 3051 - r. Is f composite?
False
Suppose 4*a - y - 2 + 0 = 0, 0 = 3*y + 6. Suppose -4*b + 1225 + 523 = a. Is b a prime number?
False
Let r be (69/(-6) - 1)*-2. Is (3 + 2)*(-2 + r) composite?
True
Let a(b) = -3*b + 18. Let c be a(5). Suppose -5*d + 2862 = c*q, 5*d = 2*q - 0*q - 1883. Is q a prime number?
False
Let w(z) = -2*z - 2. Let q be w(-2). Suppose h - q*k - 2 = 0, -k + 2*k + 1 = 0. Suppose -f + 4*f - 285 = h. Is f a prime number?
False
Let l(m) = 16*m**3 + m**2 - 7*m + 17. Let x be l(6). Suppose -1720 = -p + 5*q, -p = -3*p + q + x. Is p a composite number?
True
Suppose -5*n + 1 - 6 = 5*c, -3*n = 9. Suppose -y = -4*b + y + 2454, c*b + 4*y = 1232. Is b a composite number?
True
Let c(b) = 49*b**2 - 15*b - 151. Is c(30) a composite number?
False
Let y(u) = 79*u - 11. Let b be y(12). Suppose 5*f = 3*w - 1396, 0 = -2*w + 5*f - 8*f + b. Is w a prime number?
True
Suppose -y = 4*h + 2*y - 16229, 0 = 3*y + 15. Is h a prime number?
False
Let l = -127 - -132. Suppose -l*y - 2*c = -y - 14680, -c = -3*y + 11015. Is y composite?
False
Suppose y + 48 = -3*y. Let q(w) = -2*w + w**2 - 3*w - 1963 + 1937 - 15*w. Is q(y) composite?
True
Let b = -502 - -581. Is b composite?
False
Let o(u) = u**3 - 8*u**2 - 14*u. Let i be o(10). Suppose 200 = 3*d - 5*h, 0*d - d = 5*h - i. Is d prime?
False
Let z be 3 + (0 - 57 - -3). Let k = 368 + z. Is k composite?
False
Let t = 12526 - -36421. Is t a prime number?
True
Let k(n) be the third derivative of -13*n**6/120 + n**5/30 + n**4/24 - 12*n**2. Is k(-1) a composite number?
True
Is 2370 + -1 + -14 + (8 - -8) prime?
True
Let z(o) = -70*o - 3. Suppose 0 = u + 4*y + 13, u + 0*u = -2*y - 9. Let k be u + (4 - (7 + -4)). Is z(k) a prime number?
True
Suppose 3*v - 2000 = -2*v - 5*q, 5*q = 3*v - 1232. Let y = 736 - v. Suppose 5*k - y = 413. Is k a composite number?
False
Let l(t) be the first derivative of -t**2/2 + 18*t - 2. Let n be (-110)/(-12) + 7/(-42). Is l(n) composite?
True
Let v(n) = -125*n - 4. Let r be ((-38)/(-4))/((-21)/42). Is v(r) prime?
True
Suppose 0 = 23*y - 33593 - 1965. Is y composite?
True
Let q = 97772 - 67273. Is q composite?
True
Suppose -4*v = -5*x - 1, 0*x - 9 = -3*v + x. Let j be (2/(-3))/(2/1608). Is (j/(-12))/(v/6) a prime number?
True
Let w be (1132/3)/(8/12). Suppose 3*m = -2*j - 9 + 258, 5*m - 376 = -3*j. Let n = w + j. Is n composite?
False
Suppose -4*b + 5*h + 39435 = 0, -1 + 6 = h. Is b a prime number?
False
Let a be (-289)/(-2)*(-3 + 2 + -1). Let o = a + 2090. Is o a prime number?
True
Let d = 0 - -3. Suppose -2*n = d*n. Is (146 - (-3 - n))/1 prime?
True
Suppose -4*c = c - 6610. Suppose -w = 345 - c. Let z = -604 + w. Is z composite?
False
Let b be (6/8)/((21/(-12))/7). Is b/1 - (-1037 + -9) a prime number?
False
Let f(r) = 2902*r**2 - 1. Suppose 7*u = -4*k + 6*u - 4, -3*k - 3*u - 3 = 0. Is f(k) a prime number?
False
Let t(n) = -n**2 - 10*n - 7. Let g be t(-9). Suppose 4*d + 5 = -m + g*d, -2*m - 1 = d. Is -1 + m + 1 + 156 composite?
False
Suppose -8463 = -o + 5*f, -8*o = -10*o + 3*f + 16954. Is o composite?
True
Let l(d) = d**2 + 4*d - 10. Let j be l(-6). Suppose 80 = 3*n + j*n. Suppose n = -g + 26. Is g a prime number?
False
Suppose -33*i + 30*i = -7131. Let u = 4278 - i. Is u a composite number?
False
Let b(s) = 106*s**2 + 9*s + 42. Is b(7) prime?
False
Let g(i) = 30*i - 7. Let v(r) = 5*r**3 + 6 - 8*r - 8*r**2 - 1 - 6*r**3 + 0*r**3. Let q be v(-7). 